 u = 9 - s. What is the units digit of u?
1
Suppose -22*p + 27*p - 300 = 0. What is the tens digit of p?
6
Let m(q) = -5*q**3 - 71*q**2 + 86*q - 71. Let d(r) = -r**3 - 14*r**2 + 17*r - 14. Let f(i) = -11*d(i) + 2*m(i). What is the units digit of f(-13)?
8
Suppose v + 2*l = 28, -4*v - 5*l = -l - 104. Suppose 4*w = -x, -5*x - w = -v - 33. What is the tens digit of x?
1
Let d be ((-1)/3)/((-1)/9). Suppose 35 - d = 4*g. What is the units digit of g?
8
Let i = 0 + 0. Suppose -5*s + 2*h = 10, -2*h = -s - i*s - 10. What is the units digit of 0 - 6/(s - 2)?
3
Suppose 4*i - 853 + 101 = 0. What is the units digit of i?
8
Let j(c) = -6*c**3 + 5*c**2 + 10*c + 2. Let q(i) = i**3 - i - 1. Let m(k) = j(k) + 5*q(k). What is the tens digit of m(5)?
2
Let d = -24 - -8. Let c be (-1)/(d/6 - -3). What is the units digit of (-27)/c + (0 - 3)?
6
Suppose 0 = -3*a + 5*p + 6, 3*a + 4*p = a + 4. What is the units digit of a?
2
Suppose 2*i - 4*h = -44 + 136, -210 = -5*i + 5*h. What is the tens digit of i?
3
Let t = 30 - 19. Let l be (1/(-2))/((-1)/12). Let c = t - l. What is the units digit of c?
5
Let n be 3*1/6*4. Let u(a) = 2*a + 6. Let y be u(-6). What is the units digit of -1 + n - (4 + y)?
3
What is the tens digit of (-38)/8*-2*2?
1
Suppose 30 = -0*a + 3*a. Suppose -g = g - a. What is the units digit of g?
5
What is the units digit of (-2 + 4 - 6) + 78?
4
Suppose 0 = -4*j + 67 + 17. What is the tens digit of j?
2
Suppose 0 = 4*a - 5*a. Suppose 5*q = a, -b - q = 4*b - 55. What is the tens digit of b?
1
Suppose -2*z - 4*t = 8, 5*z - 40 = 2*t - 0*t. Let x = z + 2. What is the units digit of x?
8
Suppose 0 = 2*v + 2*w - 22, w + 18 = 3*v - w. Let a = -7 + v. What is the units digit of (-3 - a)*(-2)/4?
2
Suppose g + 178 = 4*m + 4*g, 2*g = 4*m - 188. What is the tens digit of m?
4
Suppose -c + 4*j - 16 = 0, 13 = 2*c + j - 0*j. Let l be 15 + (c/(-2))/2. What is the units digit of 46/l + 6/(-21)?
3
Let o = 1 + 2. Let n(t) = 2*t - 4. What is the units digit of n(o)?
2
Let k = 17 - -29. What is the tens digit of k?
4
Let m(d) = -d**3 + 13*d**2 + 2*d - 6. Let f be m(13). Suppose n = s + 4*n - f, 3*s - n = 50. What is the units digit of s?
7
Suppose 4*s + 2 = -2. Let d be -1 + 2 + s - -2. Let n = d - 0. What is the units digit of n?
2
Suppose -72 = -5*b + 38. What is the tens digit of b?
2
Suppose -h + 68 = 3. What is the units digit of h?
5
Suppose -4*r = -2*r - 20. Suppose -3*q - 5 = r, -5*d - q = -5. Let l(i) = 2*i - 2. What is the units digit of l(d)?
2
Let v(h) = h**2 - 9*h + 1. What is the units digit of v(10)?
1
Suppose d - 3*t = -3*d + 44, -5*d + 3*t + 58 = 0. What is the units digit of d?
4
Suppose 0 = -4*i + 8*i - 216. Suppose -d - 2*d = -i. What is the tens digit of d?
1
Let k(o) = 6*o**2 - o + 1. What is the tens digit of k(2)?
2
Let i(z) = 20*z - 5. What is the tens digit of i(6)?
1
Let l(b) = -b**3 - 5*b**2 + 7*b + 6. Let m be l(-6). Let q = m - 4. Let c(k) = k**3 + 4*k**2 - 4*k - 5. What is the units digit of c(q)?
1
Let n = 11 - 23. Let r = -4 - n. What is the units digit of r?
8
What is the units digit of (-8)/(-10)*220/8?
2
Let y = 4 + -3. Let c be 38/(2*(0 + y)). Suppose 5*a - c = 21. What is the units digit of a?
8
Suppose -4*o = -7*o + 15. Suppose o*m + 0 = -10. What is the units digit of 9*-3*m/6?
9
Suppose 4*s = d + 69, -3*s + 4*d + 6 = -2*s. What is the units digit of s?
8
Suppose 532 = 4*c - 4*a, 0 = c - 5*c - 5*a + 496. What is the units digit of c?
9
Let w = 11 - 7. Suppose -3*v + 0*h = -2*h + w, 3 = -3*h. What is the units digit of (-6)/1*v/4?
3
What is the tens digit of (-4)/14 - 699/(-21)?
3
Let o be (-32)/6 - (-6)/(-9). Let q be (-4)/12 - 14/o. What is the units digit of 5/2*(q + 0)?
5
Suppose 2*t - 3*t = -208. What is the tens digit of t?
0
Let h(f) = 18*f + 5. What is the tens digit of h(2)?
4
Suppose -111 = -3*d + 5*g, -3*d + 85 + 20 = -3*g. What is the units digit of d?
2
Suppose 8*q = 3*q + 10. Suppose -5*k = -q*k + 9. What is the units digit of -1*k/(-3)*-4?
4
Suppose q - 20 = -4*t, q - 2*t = -2 - 8. Let h be 1 + 1 + q - -4. Let r(v) = 2*v - 6. What is the units digit of r(h)?
6
Let p = 42 + -26. What is the units digit of p?
6
Let p(q) = 15*q**2. Let n be p(-1). Let j = 29 - n. What is the tens digit of j?
1
Let j(v) = -3*v. Let r be j(-3). Let o be 507/r - (-6)/9. Suppose -2*k = k - o. What is the units digit of k?
9
What is the tens digit of -2 - -1 - -1 - -31?
3
Suppose -17 = -4*o - 5*k, -4*o = -0*o + 4*k - 20. Let u(b) = -4*b**3 + o*b**2 - 5*b + 0*b + 3*b**3 - 4. What is the units digit of u(7)?
0
Suppose 0 = -5*l - 0*l - 45. Let b be 25 - (-1)/(-1 + 0). Let r = l + b. What is the units digit of r?
5
Suppose -3*y + 172 = 2*y - 4*b, 73 = 2*y - 3*b. Let j = y + -21. What is the tens digit of j?
1
Let a be ((-8)/(-5))/(1/5). Let s = a + -5. Suppose -2*o + s*v = -3, -v + 0*v = -5. What is the units digit of o?
9
Let w(g) = 3 - 2*g + g**2 - 4*g - 2 - g. What is the units digit of w(7)?
1
Let w be -1 + 2 - 15/(-15). Let u = 15 - 33. What is the units digit of w/((-3)/u*3)?
4
Let i(v) = -v**2 + 15*v + 8. What is the units digit of i(13)?
4
What is the units digit of 13*3*2/3?
6
Let o = 16 + -35. Let n = -58 - -94. Let g = n + o. What is the units digit of g?
7
Let d(r) be the second derivative of r**4/6 - 2*r**2 + 3*r. What is the units digit of d(-3)?
4
Suppose 193 = 5*d - 67. What is the tens digit of d?
5
Let l be (2 + -3)/((-1)/(-6)). Let b be l + 4/(2 + 0). What is the units digit of 4/(8/(-3))*b?
6
Suppose -4*g - 3 = 121. Let k = g + 65. Suppose 3*a - k = -3*z - 10, 0 = -4*a - 2*z + 36. What is the units digit of a?
0
Let t(g) = -g**3 + 7*g**2 + 3*g + 7. Let z be t(7). Let o = -4 + z. What is the tens digit of o?
2
Let w(j) = 1 + j - 4*j - 6. What is the tens digit of w(-12)?
3
Let q be ((-8)/6)/(-2)*3. Let h = -1 - q. Let l(w) = w**2 + w. What is the units digit of l(h)?
6
Let n = 96 - 138. What is the tens digit of 6/(5 + -3) - n?
4
Suppose 3*n + 11 - 50 = 0. Suppose -3*y + 4*g + n = 0, -y + g + 16 = 4*y. Suppose 3*h = y*r + h - 9, -r = -h - 3. What is the units digit of r?
3
Suppose -2*c - v = -3*c - 9, v = -4*c - 16. What is the tens digit of 553/35 + (-1)/c?
1
Suppose 2*p - 10 = -5*c + 33, 0 = 3*c + 4*p - 37. Suppose 0 = -l - 1 + 3. Let a = c - l. What is the units digit of a?
5
Let x(s) be the second derivative of s**4/12 - 4*s**3/3 + 6*s**2 + 7*s. What is the tens digit of x(10)?
3
Let j be (-4)/(-18) + (-128)/9. Let d be j/21 - 214/(-6). Suppose -8*v + 3*v = -d. What is the units digit of v?
7
Let t be (-4)/(-26) + 2/(-13). Let k(f) = -f + 17. What is the tens digit of k(t)?
1
Suppose -3*k - y = 27, 8*k + 5*y + 35 = 3*k. Let t be 4/k*(-5)/2. Let c = 7 + t. What is the units digit of c?
8
Let p(q) = -5*q. Let c be -2*(-6)/(-8)*2. What is the tens digit of p(c)?
1
Suppose -2*n + 1 = -3. Suppose n*i + 2*i - 32 = 0. What is the units digit of i?
8
Let l = 7 + 10. What is the tens digit of l?
1
Let k(s) = 2*s - 1. Suppose 4*a - t = -3*t - 8, -11 = 3*a + 4*t. Let o be a/(8/10 + -1). What is the units digit of k(o)?
9
Let b = -12 + 17. Suppose b = -2*d + 3*d. Suppose 0 = -m - 2*r - d + 14, -5*m + 2*r + 93 = 0. What is the tens digit of m?
1
Let v be -1 + 3 + 9/(-1). Let i(x) = x**3 + 6*x**2 - 2*x + 1. Let q be i(-6). Let m = q + v. What is the units digit of m?
6
Suppose -191 + 59 = -2*s - h, s = 5*h + 55. What is the units digit of s?
5
Let n(u) = -2*u**3 + 3*u**2 + u + 4. Let j be n(3). What is the tens digit of (-93)/2*j/30?
3
Suppose 5*d = 5*n - 370, -5*n - 5*d + 360 = -0*n. What is the tens digit of n?
7
Suppose -2*m - 3*m + 200 = 0. What is the tens digit of m?
4
Let p(a) = -a. Let z be p(5). Let v = 6 + z. What is the units digit of v?
1
Suppose -3*j + 3 = x - 6, j = 2*x - 4. Suppose 0 = j*a + 8 - 24. Let k = -5 + a. What is the units digit of k?
3
What is the tens digit of (-1 + 2)*(16 + -1)?
1
Let j = 42 + -7. Suppose u - j = -4*u. What is the units digit of u?
7
Let y(f) = -4*f**3 + f**2 - 2*f + 1. Let z be y(1). Let w = 11 + z. What is the units digit of w?
7
Let i be 14/(-4) + (-1)/2. Let s be i/6*(-18)/6. What is the units digit of (-1)/s*(-15 - -1)?
7
What is the tens digit of (-4 - -55)/((-2)/(-32)*6)?
3
Let a = 7 + -7. Suppose a = -4*f + 41 + 27. What is the tens digit of f?
1
Let g(u) = u**2 + 6*u + 2. Let c be g(